 1081. Let f be q(-5). What is the highest common factor of f and y?
73
Let u = -15 - -7. Let n(x) = -3*x + 0*x - 14*x**2 - 7 + 6*x**2 - 41*x**3 - 47*x**3 + 87*x**3. Let v be n(u). What is the highest common factor of 17 and v?
17
Let g = -3560 + 4776. What is the highest common factor of g and 38?
38
Let q = 698 - 348. Let z = -327 + q. Calculate the highest common factor of z and 184.
23
Let g = -462 + 464. Let r = -57 - -57. Suppose 7*i - 6 - 15 = r. What is the greatest common divisor of g and i?
1
Suppose -f + 11 = -5*q, -f - 5*q + 9*q + 14 = 0. Suppose -12*z + 46 = -f. Calculate the highest common factor of z and 12.
6
Let b = 8796 + -8623. What is the greatest common divisor of 1557 and b?
173
Let n = -383 - -471. Let h = 19 - 47. Let j = h + 39. Calculate the highest common divisor of j and n.
11
Suppose -17*v = -1254 - 276. What is the greatest common divisor of v and 4545?
45
Let h = 84 - 75. Let j = -20 - -25. Let o = j - -4. What is the greatest common factor of h and o?
9
Suppose -2*m + 375 = v, 0 = 5*v - 8*v - 15. Calculate the highest common divisor of 290 and m.
10
Let j be -1 + (1 - -381 - 1). Suppose 0 = -36*p + 171426 - 165954. Calculate the greatest common factor of p and j.
76
Suppose -5*u = 2*t - 62, 69*u - 72*u = -3*t - 54. Let d be 4/(-10) - (9321/(-15) + 5). What is the highest common divisor of d and u?
14
Let u(b) = -2*b - 13. Let c be u(-5). Let j be 62/2*c/(-2)*-2. Let z = j - -138. Calculate the greatest common divisor of 15 and z.
15
Let d(j) = -417*j - 2253. Let i be d(-7). What is the greatest common divisor of 518 and i?
74
Let d = -52 + 72. Let x be (64/d)/(1/15). Let s be (x/14)/((-6)/(-42)). Calculate the highest common factor of s and 60.
12
Suppose 3*q - 5*d - 1152 = 0, -979 - 173 = -3*q + d. Let f = 14 - 20. Let w be ((-3)/f)/(2/q). Calculate the greatest common factor of w and 12.
12
Let b(z) = 108*z + 3356. Let w be b(-16). Calculate the greatest common factor of w and 22.
22
Let q be 11/2 - 1/2. Let b be (2*3)/(732/9760). What is the highest common divisor of q and b?
5
Suppose -15*d + 11*d + 28 = 0. Let g be 224/(-10)*110/(-44). What is the highest common divisor of g and d?
7
Let q = -2 + 12. Suppose z - 3*z + q = 0. Suppose 3*x + 9*k - 35 = 14*k, -4*x = 2*k - 90. Calculate the highest common factor of z and x.
5
Suppose 4*s + 40 = 0, -3*s = -a + 291 - 224. Let q(j) = -j**2 - j + 592. Let t be q(0). Calculate the highest common divisor of a and t.
37
Suppose 2*y + 5*i = 3568, -3*y - 2*i - 1802 = -4*y. Suppose 0 = -3*t - 36*t + y. Calculate the highest common divisor of 46 and t.
46
Let d be (8/34)/(674/74477). What is the highest common divisor of d and 8125?
13
Let b(h) = 1319*h + 4321. Let v be b(-3). Calculate the highest common divisor of v and 2080.
52
Let m(z) = 2*z**2 - z - 2. Let s = -4 - 2. Let b be m(s). Suppose -5*a + h = -953, 3*a - 3*h = 2*a + 199. Calculate the highest common factor of a and b.
38
Suppose 486 = 6*a + 6. Let w(o) = -18 + 10 - 9*o**2 + 13*o + o**3 + 0*o**3. Let g be w(8). What is the greatest common divisor of a and g?
16
Let d = 713 - 13. Suppose -5*w + 1 = -4, 2*c = 4*w + d. Calculate the highest common factor of c and 22.
22
Let d be 11 + -24 + 11 + 7. Calculate the highest common divisor of 55 and d.
5
Suppose 2*f + v + 21 = 301, -415 = -3*f - 4*v. What is the greatest common divisor of f and 1786?
47
Let y(s) = s**3 - 96*s**2 + 202*s + 88. Let k be y(94). Calculate the greatest common factor of 130 and k.
26
Let t(c) = 6*c - 84. Let k(l) = -11*l + 165. Let y(n) = 2*k(n) + 5*t(n). Let h be y(17). Calculate the highest common factor of 368 and h.
46
Suppose 4171 = -51*w + 449*w - 34037. Suppose -3*d = -8*d + 60. What is the highest common divisor of d and w?
12
Let o be -8 + (-360)/(-16)*(13768/6 + 0). Calculate the highest common divisor of o and 106.
106
Let f(d) = -2*d**3 - 2*d**2 - 4*d - 4. Suppose t - 3*s - 13 = 2*t, -3*t + 4*s = 0. Let a be f(t). Calculate the greatest common factor of a and 189.
27
Let n be 8/(-36) - (-22)/18. Let w = n + 13. What is the greatest common factor of 21 and w?
7
Let a be -597*3*285/(-135). Calculate the highest common factor of a and 19.
19
Suppose -23*m + 24*m + 4*p = 269, 2*p = 3*m - 709. Calculate the greatest common divisor of 41693 and m.
241
Let c(x) be the third derivative of x**5/20 - 7*x**4/24 - x**2 + 18. Let b be c(-9). What is the greatest common divisor of 136 and b?
34
Let f(u) = 986*u**2 + 126*u - 60. Let v be f(-6). Calculate the greatest common factor of v and 120.
120
Let n(d) = d**3 - 9*d**2 - 18*d - 4. Let m be n(11). Calculate the greatest common factor of m and 3240.
40
Let s = 2852 + -1724. Let g be s/21 + 10/35. Calculate the greatest common factor of 18 and g.
18
Suppose 279801 = 146*u - 17*u. What is the greatest common factor of 45 and u?
9
Let j be (-2)/3 + 22/6. Let s = -2723 + 2727. Suppose s*d - 83 = -5*f, -2*f + j*f = d + 22. Calculate the greatest common factor of 133 and f.
19
Suppose -221 = -3*a - 41. Let z(i) = 208*i - 3264. Let b be z(18). Calculate the highest common factor of a and b.
60
Let x = 686 - 147. Let b be 601/3005*980/(4 + 0). What is the highest common divisor of x and b?
49
Let o be 12/36*(1 + 14) - -143. Suppose 0 = o*w - 154*w + 276. What is the greatest common factor of 46 and w?
46
Let f = -12654 - -13865. Calculate the highest common factor of 112 and f.
7
Let r be -1 + (4 + -2 - 1) - -4. Suppose 0 = g - r*z + 9*z - 45, -20 = 5*z. What is the highest common divisor of 91 and g?
13
Let t(r) = -r - 7. Let q be t(-8). Let w = -2385 + 2388. Calculate the highest common divisor of q and w.
1
Let v(o) = -3*o**2 - 30*o - 11. Let s be v(-9). Suppose s*l - 294 = -26*l. What is the greatest common divisor of 189 and l?
7
Suppose -141*t - 21*t = -39*t - 22386. What is the greatest common factor of 962 and t?
26
Suppose -19*s + 16*s = -4*j + 14004, -s + 6992 = 2*j. Calculate the highest common divisor of j and 2.
2
Let w(c) = -7*c**2 + 7*c + 7. Let h(p) = 8*p**2 - 5*p - 8. Let u(f) = 6*h(f) + 7*w(f). Let n be u(18). Calculate the greatest common factor of n and 209.
19
Suppose -14*m = 539 + 63. Let q be (-3 - m/5)*(8 + -3). Suppose -q*r + 1170 = -22*r. What is the highest common factor of r and 13?
13
Suppose -32 = 15*r + 13. Let c be -6*-1*r/(-3). Let s(g) = 2*g**3 - 2*g. Let a be s(2). Calculate the greatest common divisor of a and c.
6
Let q = 3144 - -1413. What is the greatest common factor of q and 105?
21
Let c = 12368 - 12365. Let k = -12 - -18. Let b(t) = t**2 - 2*t + 6. Let s be b(k). What is the highest common divisor of s and c?
3
Suppose 2772*q - 64 = 2740*q. Suppose -2*x = -0*x + 4*n - 36, 4*x = -3*n + 82. What is the greatest common factor of x and q?
2
Let a be (-12647)/(-3) - (-1)/4*1464/(-549). Calculate the greatest common factor of a and 60.
15
Let p(o) = -15*o - 25. Let j be -12 - ((-10)/5 + -1). Let w be p(j). Suppose 13*u - w = 3*u. Calculate the highest common divisor of u and 11.
11
Suppose 3*z + 2 + 19 = 0, 3*z + 3349 = 4*q. Calculate the highest common factor of q and 192.
64
Let s = 286 + -170. Suppose -s*v + 408 = -112*v. Let k = v + -92. Calculate the greatest common factor of 25 and k.
5
Suppose l - 14946 = 4*o, -5*l - 4*o = 2872 - 77746. Calculate the highest common factor of l and 30.
30
Suppose 0 = 113*r + 161 - 188 - 425. What is the highest common divisor of r and 1104?
4
Suppose 3*w = -1 + 7. Suppose 3*i - 4*n - 105 = 0, -w*n + 18 = 12. Suppose 312 = -2*j + 6*j. What is the greatest common divisor of j and i?
39
Let x be -2 + (-1062)/(-33) + (-12)/66. Let t(h) = 3*h**2 - 35*h + 18. Let g be t(12). What is the highest common divisor of x and g?
30
Let g(p) = 10*p**2 + 37*p + 76. Let j be g(-2). What is the greatest common divisor of j and 196?
14
Suppose -27*d + 324 = 81. Let t(b) = 6*b - 12. Let g be ((-9)/30*-2)/(2/10). Let h be t(g). What is the highest common factor of d and h?
3
Let n be ((-18)/(-20) - (-4)/(-10)) + (-55014)/(-212). Calculate the greatest common divisor of 220 and n.
20
Suppose -11*u - 17 = -12*u. Let r(y) = 8*y**2 - 130*y + 20. Let o be r(18). What is the highest common divisor of o and u?
17
Suppose -86 = -2*b + 4*p, 0 = 10*b - p - 347 - 45. Calculate the greatest common divisor of 5889 and b.
39
Suppose 7*f + 117 + 177 = 0. 